hat is the remainder when (9 - 1900/70)*-77 is divided by 25?
22
Suppose 0 = x - 4*r + 173 - 56, r + 207 = -2*x. Calculate the remainder when 96 is divided by x/(-10)*(-3 - -5).
12
Let p = -39 + 15. Let z be 4/((-20)/p + -1). What is the remainder when 47 is divided by z/(-15)*(-45)/(-6)?
11
Suppose -r = -25 + 8. Let k be (-9 + 2)*12/(-14). Suppose -2*a = 2*l - k - 8, -l + r = -a. What is the remainder when 20 is divided by l?
8
Suppose 2*w + 428 = 2*d, 11*w = -4*d + 6*w + 874. Calculate the remainder when d is divided by 3.
0
Suppose 5*i + l = 4*l + 1, 5*i = -3*l + 19. Let q = -353 + 366. What is the remainder when 2/(i - (-47)/(-24)) is divided by q?
9
Suppose -5*n + 2*r = -4 - 3, -2*n - 10 = -4*r. Let f = 9 - n. What is the remainder when (-16)/f*-9 + 1 is divided by 7?
4
Let m(t) = t**2 + 3*t - 3. Let v be m(-5). Let y be (-2 - -1) + v - -3. Calculate the remainder when 65 is divided by 153/6*6/y.
14
Let i(q) be the third derivative of -q**4/8 - q**3/6 - 5*q**2. What is the remainder when 30 is divided by i(-4)?
8
Let i(q) = -6*q**2 + 32*q - 2. Suppose 3*v = -0*v + 168. What is the remainder when v is divided by i(4)?
26
Let y = 24 - 46. Let u(h) = 47*h**2 - h + 4. Let v be u(1). Let c = v + y. What is the remainder when c is divided by 10?
8
Suppose -2*r + 19 = n + 3*r, 0 = 4*r + 4. Let l = n - 22. Suppose l*y - 55 = -3*y. What is the remainder when 42 is divided by y?
9
Let o be 81/21 + (-3)/(-21). Let d(k) = k**3 + 2*k + 0*k**3 + 9*k**2 - o + 4*k. Calculate the remainder when 33 is divided by d(-8).
9
Suppose 473 = -5*g - 4*s - 2, s = -4*g - 380. What is the remainder when 67 is divided by g/(-4) + 3/(-4)?
21
Suppose 2*b + 2 = 4*b. Suppose j - b = 2. Suppose -49 = -4*l + 5*z + 1, 28 = 2*l - 4*z. Calculate the remainder when l is divided by j.
1
Let q = -1905 + 1929. Calculate the remainder when q is divided by 16.
8
Let q = 12 - 7. Let f be -18 + (-1 - 1) + q. What is the remainder when 38 is divided by ((-24)/f)/(6/75)?
18
Let j = -103 + 94. Calculate the remainder when 180/2 - (-9)/j is divided by 46.
43
Suppose -79 - 19 = -3*p - 2*c, p + 5*c = 50. Calculate the remainder when 209 is divided by p.
29
Suppose 5*v - 75 = 2*v. Let z(b) = 3*b - 6. Calculate the remainder when v is divided by z(5).
7
Let s(r) = 5*r**2 - 3*r - 5*r**2 + 5 + r**2. What is the remainder when s(3) is divided by 4?
1
Let c(d) = d**2 - 9*d - 24. Calculate the remainder when 78 is divided by c(-4).
22
Let m(d) = 8*d**2. What is the remainder when m(-2) is divided by 13?
6
Suppose -12*q + 360 = 8*q. What is the remainder when 135 is divided by q?
9
Suppose 5 = -y + 9. What is the remainder when 16 is divided by y?
0
Let x(v) = 2*v**2 - 15*v + 4. Let r(l) = -l**2 + 7*l - 2. Let q(s) = -9*r(s) - 4*x(s). What is the remainder when q(-5) is divided by 17 + (-4)/(-6)*-3?
12
Suppose 0 = -0*w - 3*w - 3, -4*v + 5*w = 79. Let c = 23 + v. What is the remainder when 7 is divided by c?
1
Suppose v = -3*n + 148, n - 3*v = -18 + 84. What is the remainder when 33 is divided by 884/n - (-2)/(-6)?
16
Let z = -1736 - -2445. What is the remainder when z is divided by 51?
46
Let v be -1 + 2 + (9 - 7). What is the remainder when v*17 - 13/13 is divided by 26?
24
Suppose 34 = 2*a - 44. What is the remainder when (2/((-10)/375) + 0)/(-1) is divided by a?
36
Suppose 4*p + 0*p = -2*a + 102, -4*a + 178 = -5*p. What is the remainder when a is divided by 42?
5
Suppose -c = 10 - 14. Suppose 15 = z + 2*z - 2*d, -10 = -2*z - 4*d. Calculate the remainder when z is divided by c.
1
Suppose 5*k - 48 = k. Suppose 3*m + k = 48. Suppose m + 10 = 2*p. Calculate the remainder when 31 is divided by p.
9
Let u(s) = -2*s**3 - 6*s**2 - 23*s - 10. Let r(d) = d**3 + 3*d**2 + 11*d + 5. Let v(p) = -13*r(p) - 6*u(p). Calculate the remainder when 37 is divided by v(-3).
7
Let p = 246 + -235. What is the remainder when 23 is divided by p?
1
Suppose -95*s + 1651 = 1461. Calculate the remainder when 9 + 3*(-2)/(-3) is divided by s.
1
Let s(m) be the second derivative of 4/3*m**4 + 1/2*m**2 + 0 - 1/3*m**3 - 4*m. Calculate the remainder when 44 is divided by s(1).
14
Let w = -74 - -38. What is the remainder when 14 is divided by ((-5)/(-10))/((-3)/w)?
2
Let f(l) = -l**2 + 20*l - 21. Calculate the remainder when f(12) is divided by 6.
3
Let r = 14 - 2. Calculate the remainder when r is divided by 12 - ((2 - 0) + 10 + -9).
3
Let f = 17 + -8. Suppose 0 = -k + 39 - f. What is the remainder when 9 is divided by 1/4 - k/(-8)?
1
Let p = -961 + 972. Suppose -4*a - 35 + 3 = 0. What is the remainder when 104/(-10)*(a + 3) is divided by p?
8
Suppose 0 = 5*s - 7*s - 124. Let x = 76 + s. Let m(r) = -r**3 - 2*r**2 + 5*r + 4. Calculate the remainder when m(-5) is divided by x.
12
Suppose -4*y = 4*b - 2*y - 5472, 2*b + 4*y - 2730 = 0. What is the remainder when b is divided by 28?
25
Suppose 5*g = 2*p - 7, -2*p + 2 = -p - 3*g. Calculate the remainder when 217 is divided by p.
8
Let s be 48/18*3/2. Let y = -2 + s. Suppose -u = -y*u + 30. What is the remainder when u is divided by 16?
14
Let y = 525 + 11. Calculate the remainder when y is divided by 49.
46
Calculate the remainder when 129 is divided by (90/50 + 9)/((-2)/(-5)).
21
Suppose 693 = 17*f + 47. Suppose 2*k + 2*w + 0 = 2, -4*w = 2*k + 4. Calculate the remainder when f is divided by k.
2
Let o(g) = 2*g**2 + 17*g + 18. Let d(f) = f**2 + 9*f + 9. Let q(i) = -7*d(i) + 4*o(i). Calculate the remainder when 22 is divided by q(-5).
4
Let p be (-9)/6*(-50)/15. Suppose 0 = -0*j - p*j + 50. Suppose 9*z = 8*z + j. Calculate the remainder when 39 is divided by z.
9
Suppose 3*b + 4*z + 12 = 5*b, 5*b - 46 = 2*z. Let j = -19 - -32. Let w = j + b. What is the remainder when w is divided by 12?
11
Let g(s) = s**2 - 5*s + 3. Let t be g(2). Let v be t/((-6)/5)*-12. Let r = 44 + v. What is the remainder when r is divided by 3?
2
Calculate the remainder when 10 is divided by (6 - (-3 - -23)/4)*2.
0
Suppose -10*l + 546 = -44. What is the remainder when l is divided by 6?
5
Suppose 8*i - 3*t - 196 = 7*i, -2*t = -8. Calculate the remainder when i is divided by 107.
101
Let v(i) = -i**3 + 5*i**2 + 11*i - 20. Suppose t + 28 = 77. Calculate the remainder when t is divided by v(6).
9
Let z(m) = 9*m + 31. Calculate the remainder when 40 is divided by z(-1).
18
Suppose 0 = -107*r + 99*r + 10320. What is the remainder when r is divided by 38?
36
Suppose -31 = -3*x - 16, 4*x = -3*o + 1241. What is the remainder when o is divided by 82?
79
Let i(g) = -2*g + 3. Let f be i(-5). Suppose 0 = -3*o + 26 + f. Let b = 23 - o. Calculate the remainder when b is divided by 4.
2
Let l(y) = -59*y - 23. Calculate the remainder when 183 is divided by l(-2).
88
Suppose w + 3*s = s + 6, -5*s - 29 = -3*w. Calculate the remainder when 106/5 + (-3)/15 is divided by w.
5
Suppose 3*i + 9 = 2*r - 0, 0 = -4*r + 4*i + 16. Suppose -4*l + 39 = c + 2*c, 5*l - r*c = 42. What is the remainder when 24 is divided by l?
6
Let l = -346 - -348. Calculate the remainder when 5 is divided by l.
1
Suppose 2*v - 6 = -0. Suppose -60 - 87 = -v*q. What is the remainder when q is divided by (-2 + 3 + 0)/((-22)/(-374))?
15
Suppose -3*r + 3*f + 236 = 7*f, -4*r - 4*f = -312. Suppose 0 = -13*q + 2 + r. Calculate the remainder when 20 is divided by q.
2
Suppose 7*q = -5*c + 5*q + 623, 619 = 5*c + q. Calculate the remainder when 1227 is divided by c.
120
Suppose -4*n = -21 - 119. Let u(s) = -s**3 - 16*s**2 + 8*s - 3. Let g be u(-15). Calculate the remainder when n is divided by -4 - g/22 - (-2)/11.
11
Let y be 4 + 4/(-3 - -7). Let p be (-5 + 2)*(0 - 1). Suppose -9 = -p*r + y*u, r - 3*u = u + 3. Calculate the remainder when r is divided by 2.
1
Let n(v) = v**2 + v. Let i(q) = 15*q**2 - 5*q + 1. Let o(z) = i(z) + 6*n(z). What is the remainder when 40 is divided by o(-1)?
19
Let d(q) = -52*q + 466. Calculate the remainder when d(6) is divided by 57.
40
Suppose -2*s - 1 + 15 = 0. Calculate the remainder when ((-28)/(-5) + -5)/(7/210) is divided by s.
4
Let a(w) = -w**2 + 22*w + 237. What is the remainder when 577 is divided by a(29)?
33
Let s be 3*((-170)/(-15) + -3). Let u = -18 + s. What is the remainder when 24 is divided by u?
3
Let z(j) = -3*j**2 - j + 7. Let u be z(3). Let i = 26 + u. What is the remainder when 9 is divided by i?
0
Suppose 22 = 4*t - 2*